ppose -k = -10*i + 1943. List the prime factors of i.
2, 3, 17
Let f(r) = r**2 + r - 11. Let a be f(5). Let w(i) = -a*i + 1 + 3 - 1 + 1 + 3*i**2. List the prime factors of w(8).
2, 11
Let x(q) = 24*q**2 + 6*q + 6. Suppose -22*t = 22 + 66. List the prime factors of x(t).
2, 3, 61
Let c(z) = -43*z**2 - z - 1. Let g be c(1). List the prime factors of 3108/(-9)*(g/(-10))/(-3).
2, 7, 37
Let m(g) be the first derivative of -2*g**4 - 4*g**3/3 - g**2 - g + 29. Let z be m(-4). List the prime factors of (-8)/(-10)*(z/2 - 0).
2, 7, 13
Let s = 225 - 229. What are the prime factors of s/38 + 15 + (-20720)/(-95)?
233
Let c(y) = 2*y**2 + 5*y - 7. Let n be c(-9). Let l = 136 + -136. Suppose l = -8*z - n + 702. List the prime factors of z.
2, 37
Let w(d) = -d**2 + 16*d - 10. Let q be w(15). Suppose q*m + 5 = 50. Let y = m + 105. What are the prime factors of y?
2, 3, 19
Let t(y) = y**3 - 49*y**2 - 100*y + 1669. List the prime factors of t(54).
19, 571
Let d(l) = -l**2 + 9*l - 16. Let f be d(4). Suppose 3*v + 311 = 4*v - 2*q, 0 = f*v - 5*q - 1256. What are the prime factors of v?
11, 29
Let o(w) = -86*w**3 - 2*w**2 + w + 3. Let i be o(2). Let t = -480 - i. List the prime factors of t.
211
Suppose -890*j - 4*p = -887*j - 196774, 0 = -4*p - 20. What are the prime factors of j?
2, 3, 13, 29
Let o be (-63)/(-3) - (-11 - -7). Suppose -6*c + o*c = 5757. List the prime factors of c.
3, 101
Let r = 24 + -19. Suppose -209 = -r*z - 14. Let h = 90 - z. What are the prime factors of h?
3, 17
Let l be ((-36)/(-15) - 3) + 876/10. Let b = 109 + l. Suppose -7*m + b = -5*m. List the prime factors of m.
2, 7
Let s be (216/84)/((-2)/(-14)). Suppose s = 4*i + 2, 2*x = 5*i + 2556. Suppose -6*p = 8*p - x. What are the prime factors of p?
2, 23
Let m(a) = -2*a**3 + a**2 - 10*a + 3. Let u(s) = -s**3 + 2*s**2 - 10*s + 1. Let o(r) = -2*m(r) + 3*u(r). What are the prime factors of o(-4)?
37
List the prime factors of 140 - 36/(-4) - -6.
5, 31
Let h be 20/(-25)*15/(-6)*1. Suppose -125 = -h*l - a, 10*l = 13*l + 4*a - 200. What are the prime factors of l?
2, 3, 5
Let o = -405 - -13641. What are the prime factors of o?
2, 3, 1103
Suppose 5*v = -5*y + 5, -2*v + 2 = 4. Suppose 0 = j - 0*p + 2*p - 22, -y*j = -5*p - 8. Let a = 32 + j. What are the prime factors of a?
2, 23
Suppose -3*z - 2*v = -5*v + 1188, -4 = -4*v. Let n = z + 984. List the prime factors of n.
19, 31
Let m(f) = -6*f**2 - f - 1. Let q be m(6). Suppose 6071 = -39*g + 1196. Let o = g - q. List the prime factors of o.
2, 7
Let i(x) = 4*x**2 - x - x + 4*x**3 - 6 + 0*x. Let y = -381 - -384. List the prime factors of i(y).
2, 3, 11
Let a(k) = -25*k - 13. Suppose 4*j = 6*j. Suppose -2*u = 2, -3*l + 4*u - 8 - 3 = j. List the prime factors of a(l).
2, 7
What are the prime factors of (4 - 3 - 2)*(-6 - 11056 - 3)?
5, 2213
Let h = 142 + -93. Let x = 44 - h. List the prime factors of (-36)/x*(-240)/(-32).
2, 3
Let u = -273 + 462. Let i be ((-16)/(-20))/((-8)/(-1020)*1). Let q = u - i. What are the prime factors of q?
3, 29
Suppose -81880 = 87*s - 133*s. What are the prime factors of s?
2, 5, 89
Let t(i) = -16*i**3 + 2*i**2 + 2*i - 6. Suppose 7*s + 46 = 25. Let k be t(s). Suppose 3*v + 590 = 7*v + l, 3*l - k = -3*v. List the prime factors of v.
2, 37
Let x = 60 + -12. Let g = x - 28. Let q = 22 - g. List the prime factors of q.
2
Suppose 5*s - 31189 = -0*s + 53736. List the prime factors of s.
5, 43, 79
Suppose 44*q - 108609 - 132291 = 0. Suppose 13*h + 392 = q. List the prime factors of h.
17, 23
Let d be 61 - 1/(-2)*4. Let z be d + (1 - 25/5). Let h = z + 37. What are the prime factors of h?
2, 3
Suppose -k = 2*s - 30774, 0 = -2*k + 3*s + 32254 + 29322. What are the prime factors of k?
2, 15391
Let r(q) = -q**2 + 69*q + 28. Let g be r(29). Suppose 3*f = -m + g, -5*f + m + 1696 = -284. What are the prime factors of f?
2, 3, 11
Suppose -2*n + 2134 = -4*h - 3136, 0 = -5*n - 3*h + 13123. What are the prime factors of n?
37, 71
Suppose 1 = 3*y - 5*f - 25, 4*f + 20 = 2*y. Let b(a) = 5*a**2 - a + 2. Let q be b(y). Let n(u) = -u**3 + 20*u**2 + 4*u + 19. List the prime factors of n(q).
3, 11
Let u = 56935 + -16322. List the prime factors of u.
17, 2389
Let y = 286 - 281. Let b be (-11)/(-3) + (-1)/(-3). Suppose 4*r - p - 347 = 0, -y*r = -r - b*p - 356. List the prime factors of r.
2, 43
Suppose 2*t - 14 = -2*a, -2*t + 6*a - a = 0. Suppose -2*w + 1737 = 3*j + w, -2*j + 1152 = t*w. List the prime factors of j.
7, 83
Let n(s) be the third derivative of s**6/180 - 5*s**5/24 - 29*s**4/24 - 31*s**2. Let r(c) be the second derivative of n(c). List the prime factors of r(11).
19
Suppose -2*a - 1659 = 3*p, 2*p - 2781 = 7*p - 2*a. Let x = p - -798. Let d = x + -164. List the prime factors of d.
79
Suppose c + 2 = -0*c, -3*m + 5*c = 416. Suppose 0 = -119*o + 12*o + 10379. Let v = o - m. List the prime factors of v.
239
Let d = 6242 - 983. What are the prime factors of d?
3, 1753
Suppose 14 = -3*w + 2*g - 46, 0 = -2*w - 5*g - 40. Let t = w + 25. Suppose t*n - 450 = -4*k, 369 = -0*n + 4*n + 5*k. What are the prime factors of n?
2, 43
Suppose -50 = -5*v - 2*c + c, 5*c = 3*v - 2. Suppose 8925 = v*a - 7968. List the prime factors of a.
1877
Let x(u) = u**3 - u**2 - 6*u + 14. Let n be x(6). Suppose 2*i - 126 = n. List the prime factors of i.
2, 71
Let v(m) = 8*m**2 + 29*m + 5. Let f(p) = 3*p**2 + 10*p + 2. Let o(l) = 11*f(l) - 4*v(l). Let t be o(5). Let j(q) = 5*q**2 - 7*q. List the prime factors of j(t).
2, 3, 11
Suppose -3*r = -5*n - 30861, 4*r + 4*n - 30834 = r. List the prime factors of r.
2, 53, 97
Suppose k = -2*x + 11, 0*k - 68 = -4*k + 4*x. Let r = 18 - k. Let g(m) = 25*m + 1. What are the prime factors of g(r)?
2, 19
Let g(x) = -3*x + 4. Let q be g(15). Let w = q + 49. Suppose -4*z = -2*a - 470, w*z - 3*z + a - 577 = 0. What are the prime factors of z?
2, 29
Let z(o) = 297*o**3 - o**2 + 354*o - 1390. What are the prime factors of z(4)?
2, 37, 257
Let y(u) = -24*u**2 + 5*u + 19*u**3 + 4 - 8 + 25*u**2. Let a = 26 - 24. What are the prime factors of y(a)?
2, 3
Let w = -10 - -17. Let n be (-9 - 183/(-9))*(-45)/(-2). Suppose -2*q - n = -w*q. What are the prime factors of q?
3, 17
Let c(g) = -18*g**3 + 5*g**2 + 5*g - 3. Let m be c(-6). What are the prime factors of 6/(-15)*m/(-6)?
269
Suppose -2*a - 5*t - 33 = -4*a, -13 = 3*a + 5*t. Suppose 2205 = a*w - 5*p, -5*w = -4*p + 810 - 3564. What are the prime factors of w?
2, 5, 11
Let u = 41326 - 26761. What are the prime factors of u?
3, 5, 971
Suppose 0 = -2*a - 3*u + 483, -2*u + 3*u = -2*a + 489. Suppose -n + 4*i + a + 1245 = 0, n = -4*i + 1459. List the prime factors of n.
5, 59
Let t = -6076 + 18345. List the prime factors of t.
12269
Let a(m) = -2*m**2 + 4*m + 7. Let u be a(11). Let c = 231 - u. List the prime factors of c.
2, 211
Let o be ((-376)/16)/(-1 - 3/(-6)). Suppose -2*w + i = -89, w - 8*i + 7*i = o. What are the prime factors of w?
2, 3, 7
Let g(j) = j**2 - 16*j + 31. Let y be g(14). Suppose 4*l = y*l. Suppose -2*b + 152 + 112 = l. List the prime factors of b.
2, 3, 11
Let y(q) = 15*q - 79. Let f(l) = -8*l + 40. Let m(g) = 5*f(g) + 3*y(g). What are the prime factors of m(14)?
3, 11
Suppose 29 = -6*z - 31. Let r be (96/z)/(3/(-15)). Suppose -3*g + 4*c - r = -223, g - 59 = c. List the prime factors of g.
61
Let b be (-7 - (-40)/8)*10/(-4). Suppose 17*z + 5*t = 19*z - 767, -b*z - t + 1877 = 0. What are the prime factors of z?
2, 47
Let m = 84085 - 48861. List the prime factors of m.
2, 7, 17, 37
Suppose -3*d - 5 = 4, 5*d + 24 = 3*j. What are the prime factors of (-1)/(4*j/(-6192))?
2, 3, 43
Suppose -36*w = -34*w + 12. Let i(d) = -87*d - 62. What are the prime factors of i(w)?
2, 5, 23
Let y be (-2)/8 + 122/8 + -11. Let p(v) be the first derivative of 15*v**2/2 - 17*v - 2. List the prime factors of p(y).
43
Let y(n) = -16*n**2 + 19*n + 4. Let i(a) = -4*a**2 + 5*a + 1. Let s(c) = -9*i(c) + 2*y(c). What are the prime factors of s(-6)?
5, 37
Let r(b) be the second derivative of b**4/12 - b**3/2 - 5*b**2/2 + 27*b. Let x be r(5). List the prime factors of 191/3*(x - (3 - 1)).
191
Let w(v) = -13*v + 3 + 31*v + 19*v. Let q be w(3). Let l = -5 + q. What are the prime factors of l?
109
Let o(y) = -4*y - 33. Let v be o(-9). Let u(a) = -a**2 - a**3 + 0*a**3 + a**3 - 1 + 3*a + a**v. What are the prime factors of u(